{"id":7384,"date":"2026-02-24T13:25:03","date_gmt":"2026-02-24T11:25:03","guid":{"rendered":"https:\/\/rodriguezgallery.com\/?page_id=7384"},"modified":"2026-02-24T14:32:18","modified_gmt":"2026-02-24T12:32:18","slug":"przeglad-portfolio","status":"publish","type":"page","link":"https:\/\/rodriguezgallery.com\/pl\/przeglad-portfolio\/","title":{"rendered":"(English) PRZEGLAD PORTFOLIO"},"content":{"rendered":"<div id=\"pl-7384\"  class=\"panel-layout\" ><div id=\"pg-7384-0\"  class=\"panel-grid panel-no-style\" ><div id=\"pgc-7384-0-0\"  class=\"panel-grid-cell panel-grid-cell-empty\" ><\/div><\/div><div id=\"pg-7384-1\"  class=\"panel-grid panel-no-style\" ><div id=\"pgc-7384-1-0\"  class=\"panel-grid-cell panel-grid-cell-empty\" ><\/div><div id=\"pgc-7384-1-1\"  class=\"panel-grid-cell panel-grid-cell-mobile-last\" ><div id=\"panel-7384-1-1-0\" class=\"so-panel widget widget_black-studio-tinymce widget_black_studio_tinymce panel-first-child panel-last-child\" data-index=\"0\" ><div class=\"textwidget\"><h6><span class=\"\" style=\"display:block;clear:both;height: 0px;padding-top: 20px;border-top-width:0px;border-bottom-width:0px;\"><\/span><br \/>\n<img loading=\"lazy\" decoding=\"async\" class=\"aligncenter wp-image-7401 size-full\" src=\"https:\/\/rodriguezgallery.com\/wp-content\/uploads\/2026\/02\/Przeglad-portfolio-facebook-event-bez-info-e1771936289568.jpg\" alt=\"\" width=\"1920\" height=\"850\" srcset=\"https:\/\/rodriguezgallery.com\/wp-content\/uploads\/2026\/02\/Przeglad-portfolio-facebook-event-bez-info-e1771936289568.jpg 1920w, https:\/\/rodriguezgallery.com\/wp-content\/uploads\/2026\/02\/Przeglad-portfolio-facebook-event-bez-info-e1771936289568-300x133.jpg 300w, https:\/\/rodriguezgallery.com\/wp-content\/uploads\/2026\/02\/Przeglad-portfolio-facebook-event-bez-info-e1771936289568-1024x453.jpg 1024w, https:\/\/rodriguezgallery.com\/wp-content\/uploads\/2026\/02\/Przeglad-portfolio-facebook-event-bez-info-e1771936289568-768x340.jpg 768w, https:\/\/rodriguezgallery.com\/wp-content\/uploads\/2026\/02\/Przeglad-portfolio-facebook-event-bez-info-e1771936289568-1536x680.jpg 1536w\" sizes=\"auto, (max-width: 1920px) 100vw, 1920px\" \/><\/h6>\n<\/div><\/div><\/div><div id=\"pgc-7384-1-2\"  class=\"panel-grid-cell panel-grid-cell-empty\" ><\/div><\/div><div id=\"pg-7384-2\"  class=\"panel-grid panel-no-style\" ><div id=\"pgc-7384-2-0\"  class=\"panel-grid-cell panel-grid-cell-empty\" ><\/div><div id=\"pgc-7384-2-1\"  class=\"panel-grid-cell panel-grid-cell-mobile-last\" ><div id=\"panel-7384-2-1-0\" class=\"so-panel widget widget_black-studio-tinymce widget_black_studio_tinymce panel-first-child panel-last-child\" data-index=\"1\" ><div class=\"textwidget\"><h6><strong>PRZEGL\u0104DY PORTFOLIO ONLINE<\/strong><strong>\u00a0<\/strong><\/h6>\n<h6 style=\"font-weight: 400;\"><strong>Przegl\u0105d portfolio z udzia\u0142em ekspertek i ekspert\u00f3w<\/strong> to program indywidualnych spotka\u0144 z zaproszonymi osobami kuratorskimi, artystycznymi i przedstawiciel(k)ami instytucji kultury. Uczestnicy i uczestniczki otrzymuj\u0105 pog\u0142\u0119biony feedback, mo\u017cliwo\u015b\u0107 konsultacji kierunku rozwoju swojej praktyki oraz wymiany do\u015bwiadcze\u0144. Wydarzenie tworzy przestrze\u0144 do merytorycznego dialogu i budowania relacji w \u015brodowisku sztuki.<\/h6>\n<h6 style=\"font-weight: 400;\">Edycja 2025 oraz 2026:<\/h6>\n<h6 style=\"font-weight: 400;\">Osoby eksperckie: Bogna B\u0142a\u017cewicz, Jagna Dom\u017calska, Krzysztof M\u0119tel, Marta Smoli\u0144ska i Agata Rodriguez.<\/h6>\n<h6 style=\"font-weight: 400;\">Szczeg\u00f3\u0142owe info (zapowiedzi wydarze\u0144, zapisy i zasady znajduj\u0105 si\u0119 na naszej stronie FB i IG)<\/h6>\n<h6 style=\"font-weight: 400;\">Wydarzenie dofinansowano ze \u015brodk\u00f3w bud\u017cetowych Miasta Poznania.<\/h6>\n<\/div><\/div><\/div><div id=\"pgc-7384-2-2\"  class=\"panel-grid-cell panel-grid-cell-empty\" ><\/div><\/div><\/div>","protected":false},"excerpt":{"rendered":"<p>PRZEGL\u0104DY PORTFOLIO ONLINE\u00a0 Przegl\u0105d portfolio z udzia\u0142em ekspertek i ekspert\u00f3w to program indywidualnych spotka\u0144 z zaproszonymi osobami kuratorskimi, artystycznymi i przedstawiciel(k)ami instytucji kultury. Uczestnicy i uczestniczki otrzymuj\u0105 pog\u0142\u0119biony feedback, mo\u017cliwo\u015b\u0107 <a class=\"moretag\" href=\"https:\/\/rodriguezgallery.com\/pl\/przeglad-portfolio\/\">Read More &#8230;<\/a><\/p>\n","protected":false},"author":1,"featured_media":0,"parent":0,"menu_order":0,"comment_status":"closed","ping_status":"closed","template":"full-width-page.php","meta":{"footnotes":""},"class_list":["post-7384","page","type-page","status-publish","hentry"],"_links":{"self":[{"href":"https:\/\/rodriguezgallery.com\/pl\/wp-json\/wp\/v2\/pages\/7384","targetHints":{"allow":["GET"]}}],"collection":[{"href":"https:\/\/rodriguezgallery.com\/pl\/wp-json\/wp\/v2\/pages"}],"about":[{"href":"https:\/\/rodriguezgallery.com\/pl\/wp-json\/wp\/v2\/types\/page"}],"author":[{"embeddable":true,"href":"https:\/\/rodriguezgallery.com\/pl\/wp-json\/wp\/v2\/users\/1"}],"replies":[{"embeddable":true,"href":"https:\/\/rodriguezgallery.com\/pl\/wp-json\/wp\/v2\/comments?post=7384"}],"version-history":[{"count":1,"href":"https:\/\/rodriguezgallery.com\/pl\/wp-json\/wp\/v2\/pages\/7384\/revisions"}],"predecessor-version":[{"id":7404,"href":"https:\/\/rodriguezgallery.com\/pl\/wp-json\/wp\/v2\/pages\/7384\/revisions\/7404"}],"wp:attachment":[{"href":"https:\/\/rodriguezgallery.com\/pl\/wp-json\/wp\/v2\/media?parent=7384"}],"curies":[{"name":"wp","href":"https:\/\/api.w.org\/{rel}","templated":true}]}}

<div id="pl-7384"  class="panel-layout" ><div id="pg-7384-0"  class="panel-grid panel-no-style" ><div id="pgc-7384-0-0"  class="panel-grid-cell panel-grid-cell-empty" ></div></div><div id="pg-7384-1"  class="panel-grid panel-no-style" ><div id="pgc-7384-1-0"  class="panel-grid-cell panel-grid-cell-empty" ></div><div id="pgc-7384-1-1"  class="panel-grid-cell panel-grid-cell-mobile-last" ><div id="panel-7384-1-1-0" class="so-panel widget widget_black-studio-tinymce widget_black_studio_tinymce panel-first-child panel-last-child" data-index="0" ><div class="textwidget"><h6><span class="" style="display:block;clear:both;height: 0px;padding-top: 20px;border-top-width:0px;border-bottom-width:0px;"></span><br />
<img loading="lazy" decoding="async" class="aligncenter wp-image-7401 size-full" src="https://rodriguezgallery.com/wp-content/uploads/2026/02/Przeglad-portfolio-facebook-event-bez-info-e1771936289568.jpg" alt="" width="1920" height="850" srcset="https://rodriguezgallery.com/wp-content/uploads/2026/02/Przeglad-portfolio-facebook-event-bez-info-e1771936289568.jpg 1920w, https://rodriguezgallery.com/wp-content/uploads/2026/02/Przeglad-portfolio-facebook-event-bez-info-e1771936289568-300x133.jpg 300w, https://rodriguezgallery.com/wp-content/uploads/2026/02/Przeglad-portfolio-facebook-event-bez-info-e1771936289568-1024x453.jpg 1024w, https://rodriguezgallery.com/wp-content/uploads/2026/02/Przeglad-portfolio-facebook-event-bez-info-e1771936289568-768x340.jpg 768w, https://rodriguezgallery.com/wp-content/uploads/2026/02/Przeglad-portfolio-facebook-event-bez-info-e1771936289568-1536x680.jpg 1536w" sizes="auto, (max-width: 1920px) 100vw, 1920px" /></h6>
</div></div></div><div id="pgc-7384-1-2"  class="panel-grid-cell panel-grid-cell-empty" ></div></div><div id="pg-7384-2"  class="panel-grid panel-no-style" ><div id="pgc-7384-2-0"  class="panel-grid-cell panel-grid-cell-empty" ></div><div id="pgc-7384-2-1"  class="panel-grid-cell panel-grid-cell-mobile-last" ><div id="panel-7384-2-1-0" class="so-panel widget widget_black-studio-tinymce widget_black_studio_tinymce panel-first-child panel-last-child" data-index="1" ><div class="textwidget"><h6><strong>PRZEGLĄDY PORTFOLIO ONLINE</strong><strong> </strong></h6>
<h6 style="font-weight: 400;"><strong>Przegląd portfolio z udziałem ekspertek i ekspertów</strong> to program indywidualnych spotkań z zaproszonymi osobami kuratorskimi, artystycznymi i przedstawiciel(k)ami instytucji kultury. Uczestnicy i uczestniczki otrzymują pogłębiony feedback, możliwość konsultacji kierunku rozwoju swojej praktyki oraz wymiany doświadczeń. Wydarzenie tworzy przestrzeń do merytorycznego dialogu i budowania relacji w środowisku sztuki.</h6>
<h6 style="font-weight: 400;">Edycja 2025 oraz 2026:</h6>
<h6 style="font-weight: 400;">Osoby eksperckie: Bogna Błażewicz, Jagna Domżalska, Krzysztof Mętel, Marta Smolińska i Agata Rodriguez.</h6>
<h6 style="font-weight: 400;">Szczegółowe info (zapowiedzi wydarzeń, zapisy i zasady znajdują się na naszej stronie FB i IG)</h6>
<h6 style="font-weight: 400;">Wydarzenie dofinansowano ze środków budżetowych Miasta Poznania.</h6>
</div></div></div><div id="pgc-7384-2-2"  class="panel-grid-cell panel-grid-cell-empty" ></div></div></div>

<p>PRZEGLĄDY PORTFOLIO ONLINE  Przegląd portfolio z udziałem ekspertek i ekspertów to program indywidualnych spotkań z zaproszonymi osobami kuratorskimi, artystycznymi i przedstawiciel(k)ami instytucji kultury. Uczestnicy i uczestniczki otrzymują pogłębiony feedback, możliwość <a class="moretag" href="https://rodriguezgallery.com/pl/przeglad-portfolio/">Read More &#8230;</a></p>
