{"id":7390,"date":"2026-02-24T13:36:04","date_gmt":"2026-02-24T11:36:04","guid":{"rendered":"https:\/\/rodriguezgallery.com\/?page_id=7390"},"modified":"2026-03-16T13:14:19","modified_gmt":"2026-03-16T11:14:19","slug":"spotkanie-sieciujace","status":"publish","type":"page","link":"https:\/\/rodriguezgallery.com\/pl\/spotkanie-sieciujace\/","title":{"rendered":"(English) SPOTKANIE SIECIUJACE"},"content":{"rendered":"<div id=\"pl-7390\"  class=\"panel-layout\" ><div id=\"pg-7390-0\"  class=\"panel-grid panel-no-style\" ><div id=\"pgc-7390-0-0\"  class=\"panel-grid-cell panel-grid-cell-empty\" ><\/div><\/div><div id=\"pg-7390-1\"  class=\"panel-grid panel-no-style\" ><div id=\"pgc-7390-1-0\"  class=\"panel-grid-cell panel-grid-cell-empty\" ><\/div><div id=\"pgc-7390-1-1\"  class=\"panel-grid-cell panel-grid-cell-mobile-last\" ><div id=\"panel-7390-1-1-0\" class=\"so-panel widget widget_black-studio-tinymce widget_black_studio_tinymce panel-first-child panel-last-child\" data-index=\"0\" ><div class=\"textwidget\"><h6><span class=\"\" style=\"display:block;clear:both;height: 0px;padding-top: 20px;border-top-width:0px;border-bottom-width:0px;\"><\/span><br \/>\n<img loading=\"lazy\" decoding=\"async\" class=\"wp-image-7391 size-full aligncenter\" src=\"https:\/\/rodriguezgallery.com\/wp-content\/uploads\/2026\/02\/Spotkanie-Sieciujace_-Facebook-event-Templete-bez-logo-e1771933118441.jpg\" alt=\"\" width=\"1920\" height=\"850\" srcset=\"https:\/\/rodriguezgallery.com\/wp-content\/uploads\/2026\/02\/Spotkanie-Sieciujace_-Facebook-event-Templete-bez-logo-e1771933118441.jpg 1920w, https:\/\/rodriguezgallery.com\/wp-content\/uploads\/2026\/02\/Spotkanie-Sieciujace_-Facebook-event-Templete-bez-logo-e1771933118441-300x133.jpg 300w, https:\/\/rodriguezgallery.com\/wp-content\/uploads\/2026\/02\/Spotkanie-Sieciujace_-Facebook-event-Templete-bez-logo-e1771933118441-1024x453.jpg 1024w, https:\/\/rodriguezgallery.com\/wp-content\/uploads\/2026\/02\/Spotkanie-Sieciujace_-Facebook-event-Templete-bez-logo-e1771933118441-768x340.jpg 768w, https:\/\/rodriguezgallery.com\/wp-content\/uploads\/2026\/02\/Spotkanie-Sieciujace_-Facebook-event-Templete-bez-logo-e1771933118441-1536x680.jpg 1536w\" sizes=\"auto, (max-width: 1920px) 100vw, 1920px\" \/><\/h6>\n<\/div><\/div><\/div><div id=\"pgc-7390-1-2\"  class=\"panel-grid-cell panel-grid-cell-empty\" ><\/div><\/div><div id=\"pg-7390-2\"  class=\"panel-grid panel-no-style\" ><div id=\"pgc-7390-2-0\"  class=\"panel-grid-cell panel-grid-cell-empty\" ><\/div><div id=\"pgc-7390-2-1\"  class=\"panel-grid-cell\" ><div id=\"panel-7390-2-1-0\" class=\"so-panel widget widget_black-studio-tinymce widget_black_studio_tinymce panel-first-child panel-last-child\" data-index=\"1\" ><div class=\"textwidget\"><h6 style=\"font-weight: 400;\"><strong>SPOTKANIA SIECIUJ\u0104CE<\/strong><br \/>\ndla m\u0142odych os\u00f3b artystycznych i kuratorskich.<\/h6>\n<h6 style=\"font-weight: 400;\">Spotkania w formule rozmowy i bezpo\u015bredniej wymiany do\u015bwiadcze\u0144, podczas kt\u00f3rych uczestniczki i uczestnicy prezentuj\u0105 swoj\u0105 tw\u00f3rczo\u015b\u0107 oraz obszary zainteresowa\u0144. W przyjaznej, sprzyjaj\u0105cej dialogowi atmosferze tworzymy przestrze\u0144 do nawi\u0105zywania relacji, budowania sieci kontakt\u00f3w i inicjowania przysz\u0142ych wsp\u00f3\u0142prac mi\u0119dzy m\u0142odymi artystkami i artystami a kuratorkami i kuratorami.<\/h6>\n<h6 style=\"font-weight: 400;\">Szczeg\u00f3\u0142owe info (zapowiedzi wydarze\u0144, zapisy i zasady znajduj\u0105 si\u0119 na naszej stronie FB i IG)<\/h6>\n<h6 style=\"font-weight: 400;\">Wydarzenie dofinansowano ze \u015brodk\u00f3w bud\u017cetowych Miasta Poznania.<\/h6>\n<h6 style=\"font-weight: 400;\">Obowi\u0105zuj\u0105 zapisy przez <a href=\"https:\/\/docs.google.com\/forms\/d\/e\/1FAIpQLSfn9QN2hvP2gDkHYgi40NyRk-N8oMg58ikhaAogPn8Qxy27PQ\/viewform\" target=\"_blank\" rel=\"noopener\"><strong>FORMULARZ<\/strong><\/a><\/h6>\n<h6 style=\"font-weight: 400;\"><\/h6>\n<h6><\/h6>\n<\/div><\/div><\/div><div id=\"pgc-7390-2-2\"  class=\"panel-grid-cell panel-grid-cell-empty\" ><\/div><div id=\"pgc-7390-2-3\"  class=\"panel-grid-cell panel-grid-cell-mobile-last\" ><div id=\"panel-7390-2-3-0\" class=\"so-panel widget widget_black-studio-tinymce widget_black_studio_tinymce panel-first-child panel-last-child\" data-index=\"2\" ><div class=\"textwidget\"><h6><strong>NAJBLI\u017bSZE SPOTKANIE<\/strong><\/h6>\n<h6>25\/03\/2026 (\u015broda)<br \/>\ngodz. 18:30<\/h6>\n<\/div><\/div><\/div><div id=\"pgc-7390-2-4\"  class=\"panel-grid-cell panel-grid-cell-empty\" ><\/div><\/div><\/div>","protected":false},"excerpt":{"rendered":"<p>SPOTKANIA SIECIUJ\u0104CE dla m\u0142odych os\u00f3b artystycznych i kuratorskich. Spotkania w formule rozmowy i bezpo\u015bredniej wymiany do\u015bwiadcze\u0144, podczas kt\u00f3rych uczestniczki i uczestnicy prezentuj\u0105 swoj\u0105 tw\u00f3rczo\u015b\u0107 oraz obszary zainteresowa\u0144. W przyjaznej, sprzyjaj\u0105cej <a class=\"moretag\" href=\"https:\/\/rodriguezgallery.com\/pl\/spotkanie-sieciujace\/\">Read More &#8230;<\/a><\/p>\n","protected":false},"author":1,"featured_media":0,"parent":0,"menu_order":0,"comment_status":"closed","ping_status":"closed","template":"full-width-page.php","meta":{"footnotes":""},"class_list":["post-7390","page","type-page","status-publish","hentry"],"_links":{"self":[{"href":"https:\/\/rodriguezgallery.com\/pl\/wp-json\/wp\/v2\/pages\/7390","targetHints":{"allow":["GET"]}}],"collection":[{"href":"https:\/\/rodriguezgallery.com\/pl\/wp-json\/wp\/v2\/pages"}],"about":[{"href":"https:\/\/rodriguezgallery.com\/pl\/wp-json\/wp\/v2\/types\/page"}],"author":[{"embeddable":true,"href":"https:\/\/rodriguezgallery.com\/pl\/wp-json\/wp\/v2\/users\/1"}],"replies":[{"embeddable":true,"href":"https:\/\/rodriguezgallery.com\/pl\/wp-json\/wp\/v2\/comments?post=7390"}],"version-history":[{"count":1,"href":"https:\/\/rodriguezgallery.com\/pl\/wp-json\/wp\/v2\/pages\/7390\/revisions"}],"predecessor-version":[{"id":7568,"href":"https:\/\/rodriguezgallery.com\/pl\/wp-json\/wp\/v2\/pages\/7390\/revisions\/7568"}],"wp:attachment":[{"href":"https:\/\/rodriguezgallery.com\/pl\/wp-json\/wp\/v2\/media?parent=7390"}],"curies":[{"name":"wp","href":"https:\/\/api.w.org\/{rel}","templated":true}]}}

<div id="pl-7390"  class="panel-layout" ><div id="pg-7390-0"  class="panel-grid panel-no-style" ><div id="pgc-7390-0-0"  class="panel-grid-cell panel-grid-cell-empty" ></div></div><div id="pg-7390-1"  class="panel-grid panel-no-style" ><div id="pgc-7390-1-0"  class="panel-grid-cell panel-grid-cell-empty" ></div><div id="pgc-7390-1-1"  class="panel-grid-cell panel-grid-cell-mobile-last" ><div id="panel-7390-1-1-0" class="so-panel widget widget_black-studio-tinymce widget_black_studio_tinymce panel-first-child panel-last-child" data-index="0" ><div class="textwidget"><h6><span class="" style="display:block;clear:both;height: 0px;padding-top: 20px;border-top-width:0px;border-bottom-width:0px;"></span><br />
<img loading="lazy" decoding="async" class="wp-image-7391 size-full aligncenter" src="https://rodriguezgallery.com/wp-content/uploads/2026/02/Spotkanie-Sieciujace_-Facebook-event-Templete-bez-logo-e1771933118441.jpg" alt="" width="1920" height="850" srcset="https://rodriguezgallery.com/wp-content/uploads/2026/02/Spotkanie-Sieciujace_-Facebook-event-Templete-bez-logo-e1771933118441.jpg 1920w, https://rodriguezgallery.com/wp-content/uploads/2026/02/Spotkanie-Sieciujace_-Facebook-event-Templete-bez-logo-e1771933118441-300x133.jpg 300w, https://rodriguezgallery.com/wp-content/uploads/2026/02/Spotkanie-Sieciujace_-Facebook-event-Templete-bez-logo-e1771933118441-1024x453.jpg 1024w, https://rodriguezgallery.com/wp-content/uploads/2026/02/Spotkanie-Sieciujace_-Facebook-event-Templete-bez-logo-e1771933118441-768x340.jpg 768w, https://rodriguezgallery.com/wp-content/uploads/2026/02/Spotkanie-Sieciujace_-Facebook-event-Templete-bez-logo-e1771933118441-1536x680.jpg 1536w" sizes="auto, (max-width: 1920px) 100vw, 1920px" /></h6>
</div></div></div><div id="pgc-7390-1-2"  class="panel-grid-cell panel-grid-cell-empty" ></div></div><div id="pg-7390-2"  class="panel-grid panel-no-style" ><div id="pgc-7390-2-0"  class="panel-grid-cell panel-grid-cell-empty" ></div><div id="pgc-7390-2-1"  class="panel-grid-cell" ><div id="panel-7390-2-1-0" class="so-panel widget widget_black-studio-tinymce widget_black_studio_tinymce panel-first-child panel-last-child" data-index="1" ><div class="textwidget"><h6 style="font-weight: 400;"><strong>SPOTKANIA SIECIUJĄCE</strong><br />
dla młodych osób artystycznych i kuratorskich.</h6>
<h6 style="font-weight: 400;">Spotkania w formule rozmowy i bezpośredniej wymiany doświadczeń, podczas których uczestniczki i uczestnicy prezentują swoją twórczość oraz obszary zainteresowań. W przyjaznej, sprzyjającej dialogowi atmosferze tworzymy przestrzeń do nawiązywania relacji, budowania sieci kontaktów i inicjowania przyszłych współprac między młodymi artystkami i artystami a kuratorkami i kuratorami.</h6>
<h6 style="font-weight: 400;">Szczegółowe info (zapowiedzi wydarzeń, zapisy i zasady znajdują się na naszej stronie FB i IG)</h6>
<h6 style="font-weight: 400;">Wydarzenie dofinansowano ze środków budżetowych Miasta Poznania.</h6>
<h6 style="font-weight: 400;">Obowiązują zapisy przez <a href="https://docs.google.com/forms/d/e/1FAIpQLSfn9QN2hvP2gDkHYgi40NyRk-N8oMg58ikhaAogPn8Qxy27PQ/viewform" target="_blank" rel="noopener"><strong>FORMULARZ</strong></a></h6>
<h6 style="font-weight: 400;"></h6>
<h6></h6>
</div></div></div><div id="pgc-7390-2-2"  class="panel-grid-cell panel-grid-cell-empty" ></div><div id="pgc-7390-2-3"  class="panel-grid-cell panel-grid-cell-mobile-last" ><div id="panel-7390-2-3-0" class="so-panel widget widget_black-studio-tinymce widget_black_studio_tinymce panel-first-child panel-last-child" data-index="2" ><div class="textwidget"><h6><strong>NAJBLIŻSZE SPOTKANIE</strong></h6>
<h6>25/03/2026 (środa)<br />
godz. 18:30</h6>
</div></div></div><div id="pgc-7390-2-4"  class="panel-grid-cell panel-grid-cell-empty" ></div></div></div>

<p>SPOTKANIA SIECIUJĄCE dla młodych osób artystycznych i kuratorskich. Spotkania w formule rozmowy i bezpośredniej wymiany doświadczeń, podczas których uczestniczki i uczestnicy prezentują swoją twórczość oraz obszary zainteresowań. W przyjaznej, sprzyjającej <a class="moretag" href="https://rodriguezgallery.com/pl/spotkanie-sieciujace/">Read More &#8230;</a></p>
